?
64
Calculate the remainder when 938 is divided by 242.
212
What is the remainder when 703596 is divided by 50256?
12
Calculate the remainder when 1063840 is divided by 897.
895
What is the remainder when 919867 is divided by 48?
43
Calculate the remainder when 11493 is divided by 1909.
39
What is the remainder when 4582 is divided by 1525?
7
Calculate the remainder when 8128 is divided by 413.
281
Calculate the remainder when 14949 is divided by 67.
8
Calculate the remainder when 14989 is divided by 4991.
16
What is the remainder when 92624 is divided by 251?
5
Calculate the remainder when 1173499 is divided by 90269.
2
Calculate the remainder when 3209 is divided by 456.
17
What is the remainder when 976799 is divided by 4?
3
What is the remainder when 7639 is divided by 397?
96
Calculate the remainder when 4724 is divided by 147.
20
Calculate the remainder when 5216 is divided by 5207.
9
Calculate the remainder when 97033 is divided by 20.
13
Calculate the remainder when 8073 is divided by 67.
33
Calculate the remainder when 207 is divided by 20.
7
What is the remainder when 1234 is divided by 701?
533
Calculate the remainder when 1285805 is divided by 115.
105
Calculate the remainder when 921724 is divided by 805.
804
What is the remainder when 678235 is divided by 3?
1
Calculate the remainder when 8569 is divided by 409.
389
What is the remainder when 27763 is divided by 176?
131
Calculate the remainder when 451392 is divided by 112845.
12
Calculate the remainder when 9290 is divided by 65.
60
Calculate the remainder when 12410 is divided by 138.
128
What is the remainder when 96450 is divided by 21?
18
What is the remainder when 14847 is divided by 6?
3
Calculate the remainder when 13382 is divided by 157.
37
What is the remainder when 415282 is divided by 207637?
8
What is the remainder when 4998 is divided by 1245?
18
What is the remainder when 12796 is divided by 2130?
16
Calculate the remainder when 9028 is divided by 258.
256
Calculate the remainder when 22611 is divided by 66.
39
What is the remainder when 24743 is divided by 49?
47
Calculate the remainder when 497 is divided by 440.
57
What is the remainder when 16739 is divided by 382?
313
Calculate the remainder when 1752 is divided by 605.
542
Calculate the remainder when 123523 is divided by 262.
121
What is the remainder when 83547 is divided by 2142?
9
Calculate the remainder when 677 is divided by 452.
225
What is the remainder when 653 is divided by 14?
9
What is the remainder when 363445 is divided by 46?
45
Calculate the remainder when 972 is divided by 42.
6
What is the remainder when 53669 is divided by 854?
721
Calculate the remainder when 43765 is divided by 113.
34
What is the remainder when 3010 is divided by 210?
70
What is the remainder when 19897 is divided by 99?
97
What is the remainder when 52534 is divided by 148?
142
What is the remainder when 7907 is divided by 80?
67
What is the remainder when 8749 is divided by 85?
79
What is the remainder when 696 is divided by 621?
75
Calculate the remainder when 9832 is divided by 54.
4
What is the remainder when 17134 is divided by 119?
117
What is the remainder when 22621 is divided by 17?
11
Calculate the remainder when 2850 is divided by 687.
102
What is the remainder when 4179 is divided by 1350?
129
What is the remainder when 8048 is divided by 2679?
11
What is the remainder when 8715 is divided by 2541?
1092
What is the remainder when 1370440 is divided by 644?
8
Calculate the remainder when 47428 is divided by 3647.
17
What is the remainder when 880565 is divided by 34?
33
What is the remainder when 512 is divided by 166?
14
Calculate the remainder when 1462 is divided by 615.
232
Calculate the remainder when 6889 is divided by 414.
265
Calculate the remainder when 117360 is divided by 242.
232
What is the remainder when 566 is divided by 20?
6
What is the remainder when 184135 is divided by 23?
20
What is the remainder when 574534 is divided by 21?
16
What is the remainder when 871334 is divided by 1492?
6
What is the remainder when 16712 is divided by 3325?
87
What is the remainder when 1501 is divided by 442?
175
Calculate the remainder when 34527 is divided by 6902.
17
What is the remainder when 123150 is divided by 43?
41
Calculate the remainder when 2497329 is divided by 146.
145
What is the remainder when 175400 is divided by 282?
278
Calculate the remainder when 14324 is divided by 684.
644
What is the remainder when 295748 is divided by 91?
89
Calculate the remainder when 1077 is divided by 79.
50
Calculate the remainder when 26043 is divided by 19.
13
Calculate the remainder when 2026625 is divided by 5092.
9
What is the remainder when 20560 is divided by 17?
7
Calculate the remainder when 3430 is divided by 47.
46
What is the remainder when 5386523 is divided by 43?
42
What is the remainder when 275128 is divided by 404?
4
Calculate the remainder when 26998 is divided by 8949.
151
Calculate the remainder when 66789 is divided by 23.
20
Calculate the remainder when 22551 is divided by 65.
61
Calculate the remainder when 11421 is divided by 71.
61
What is the remainder when 27793 is divided by 25?
18
What is the remainder when 14582 is divided by 1679?
1150
What is the remainder when 286 is divided by 86?
28
What is the remainder when 1291917 is divided by 811?
805
What is the remainder when 756951 is divided by 196?
195
Calculate the remainder when 1004 is divided by 32.
12
Calculate the remainder when 540140 is divided by 135031.
16
What is the remainder when 45567 is divided by 512?
511
What is the remainder when 13088 is divided by 374?
372
Calculate the remainder when 109406 is divided by 208.
206
Calculate the remainder when 115977 is divided by 206.
205
What is the remainder when 18150 is divided by 90?
60
Calculate the remainder when 14691 is divided by 288.
3
What is the remainder when 1024 is divided by 442?
140
What is the remainder when 19374 is divided by 242?
14
Calculate the remainder when 1616744 is divided by 5.
4
Calculate the remainder when 42210 is divided by 615.
390
What is the remainder when 179 is divided by 6?
5
Calculate the remainder when 9148 is divided by 4565.
18
Calculate the remainder when 1228428 is divided by 322.
320
Calculate the remainder when 52826 is divided by 562.
560
Calculate the remainder when 22851 is divided by 3223.
290
Calculate the remainder when 42932 is divided by 23.
14
Calculate the remainder when 135393 is divided by 2220.
2193
What is the remainder when 26302 is divided by 66?
34
Calculate the remainder when 9359 is divided by 55.
9
What is the remainder when 35034 is divided by 17503?
28
What is the remainder when 300956 is divided by 60?
56
Calculate the remainder when 57806 is divided by 19268.
2
What is the remainder when 7106 is divided by 356?
342
Calculate the remainder when 33864 is divided by 213.
210
Calculate the remainder when 109226 is divided by 313.
302
What is the remainder when 1058 is divided by 265?
263
Calculate the remainder when 425 is divided by 179.
67
What is the remainder when 630 is divided by 52?
6
What is the remainder when 798522 is divided by 2212?
2202
Calculate the remainder when 30298 is divided by 21.
16
What is the remainder when 17028 is divided by 17018?
10
Calculate the remainder when 5877 is divided by 1443.
105
What is the remainder when 1096 is divided by 224?
200
What is the remainder when 32857 is divided by 548?
525
Calculate the remainder when 14774 is divided by 15.
14
What is the remainder when 723189 is divided by 8?
5
What is the remainder when 3162 is divided by 969?
255
What is the remainder when 409019 is divided by 204?
203
Calculate the remainder when 1602 is divided by 112.
34
Calculate the remainder when 494065 is divided by 22.
11
Calculate the remainder when 61553 is divided by 6.
5
What is the remainder when 3315231 is divided by 32?
31
Calculate the remainder when 22011 is divided by 5491.
47
What is the remainder when 22226 is divided by 18?
14
What is the remainder when 1607 is divided by 17?
9
Calculate the remainder when 26421 is divided by 336.
213
What is the remainder when 2421 is divided by 113?
48
What is the remainder when 261512 is divided by 589?
585
What is the remaind